1628 and 1143.
381
Calculate the highest common factor of 142085 and 2041.
157
Calculate the greatest common divisor of 35183 and 4077.
151
What is the highest common factor of 3726 and 46?
46
What is the highest common divisor of 24332 and 2528?
316
Calculate the highest common factor of 7585 and 4625.
185
What is the highest common factor of 3672 and 1135566?
918
What is the highest common divisor of 146560 and 60685?
1145
Calculate the greatest common divisor of 360220 and 7.
7
Calculate the greatest common factor of 26 and 327873.
13
Calculate the greatest common divisor of 93707 and 83.
83
Calculate the highest common divisor of 26444 and 5148.
44
Calculate the greatest common divisor of 125216 and 45451.
301
Calculate the highest common divisor of 296 and 14.
2
Calculate the greatest common divisor of 3570 and 73542.
714
Calculate the highest common divisor of 1829980 and 220.
20
Calculate the greatest common factor of 4424 and 44951.
79
What is the highest common factor of 8802 and 1872?
18
What is the greatest common divisor of 83957 and 236?
59
What is the highest common factor of 183 and 309?
3
Calculate the highest common divisor of 653 and 283.
1
What is the highest common factor of 5875 and 6500?
125
What is the highest common divisor of 4 and 531477?
1
Calculate the highest common factor of 8405 and 3375448.
1681
Calculate the highest common divisor of 580463 and 663.
13
Calculate the greatest common factor of 282498 and 13002.
1182
What is the greatest common factor of 56 and 30114?
14
What is the greatest common divisor of 21786 and 18?
6
Calculate the greatest common divisor of 18801 and 27.
9
What is the highest common divisor of 231016 and 1072?
536
What is the greatest common divisor of 76140 and 12220?
940
What is the greatest common divisor of 37056 and 42816?
192
What is the highest common divisor of 36 and 702594?
18
Calculate the highest common factor of 595 and 51884.
119
Calculate the highest common factor of 24278 and 4880.
122
Calculate the highest common factor of 253935 and 5415.
285
Calculate the highest common divisor of 704648 and 42.
14
Calculate the highest common factor of 207 and 75808.
23
Calculate the highest common factor of 27 and 207387.
27
Calculate the greatest common divisor of 23247 and 1148.
287
What is the highest common divisor of 65085 and 585?
15
Calculate the greatest common factor of 4148503 and 41.
41
Calculate the highest common factor of 222944 and 48.
16
Calculate the greatest common divisor of 120311 and 62.
31
What is the highest common factor of 154 and 634150?
22
Calculate the highest common divisor of 20 and 1279970.
10
Calculate the highest common factor of 10695 and 2325.
465
What is the greatest common divisor of 961272 and 2808?
936
What is the highest common divisor of 35001 and 63?
9
Calculate the greatest common divisor of 2 and 29388.
2
Calculate the highest common divisor of 41200 and 78000.
400
Calculate the greatest common divisor of 222 and 50912.
74
What is the greatest common divisor of 2808 and 11544?
312
What is the greatest common factor of 52933 and 86?
43
What is the highest common factor of 482 and 650?
2
What is the highest common factor of 277046 and 882?
98
Calculate the highest common divisor of 2930 and 220.
10
Calculate the greatest common factor of 4655 and 29792.
931
What is the greatest common factor of 35 and 250670?
35
What is the greatest common divisor of 3009575 and 100?
25
What is the highest common divisor of 64 and 216928?
32
What is the highest common factor of 71393 and 5425?
217
What is the greatest common divisor of 53 and 122589?
53
What is the greatest common factor of 42656 and 15748?
124
Calculate the greatest common factor of 197421 and 68019.
1659
What is the greatest common divisor of 946 and 34639?
11
What is the greatest common factor of 403 and 50065?
31
Calculate the highest common factor of 13290 and 27570.
30
What is the greatest common divisor of 2346 and 10074?
138
Calculate the highest common factor of 325 and 538525.
325
Calculate the greatest common factor of 3572 and 187492.
76
Calculate the highest common divisor of 68 and 600474.
34
What is the greatest common factor of 345091 and 1?
1
Calculate the highest common factor of 73224 and 36936.
648
What is the greatest common factor of 10026 and 90?
18
Calculate the greatest common factor of 8095 and 155.
5
What is the highest common divisor of 6253 and 148?
37
Calculate the greatest common divisor of 59835 and 30.
15
What is the greatest common factor of 388 and 336202?
194
Calculate the highest common factor of 574616 and 2604.
868
Calculate the highest common factor of 752 and 259628.
188
What is the highest common factor of 984 and 2148?
12
What is the highest common divisor of 143724 and 19116?
708
Calculate the greatest common divisor of 54324 and 486.
54
What is the highest common divisor of 2223 and 171?
171
What is the greatest common divisor of 110976 and 304?
16
Calculate the greatest common divisor of 3348 and 21.
3
What is the highest common factor of 3834 and 486?
54
Calculate the highest common divisor of 56088 and 29848.
328
What is the greatest common divisor of 110 and 1592690?
110
Calculate the highest common divisor of 19400 and 956032.
776
What is the greatest common factor of 327 and 213531?
327
What is the greatest common divisor of 227448 and 208?
104
What is the highest common divisor of 63319 and 230?
23
What is the greatest common factor of 706 and 763892?
706
Calculate the highest common divisor of 801 and 72179.
89
Calculate the highest common divisor of 72 and 4804.
4
Calculate the greatest common factor of 7040 and 590.
10
What is the greatest common factor of 3969 and 65709?
441
Calculate the greatest common divisor of 30012 and 305.
61
What is the highest common factor of 10892796 and 12?
12
Calculate the highest common divisor of 7952057 and 699.
233
Calculate the highest common factor of 1330 and 62111.
133
Calculate the highest common divisor of 3200 and 24704.
128
What is the greatest common factor of 1332 and 370?
74
What is the greatest common factor of 417 and 3348?
3
Calculate the highest common divisor of 729 and 2535219.
243
Calculate the highest common divisor of 98 and 6464.
2
What is the highest common factor of 440 and 391600?
440
Calculate the highest common factor of 76 and 553679.
19
Calculate the greatest common divisor of 4309 and 84351.
31
Calculate the highest common divisor of 12998 and 194.
194
Calculate the greatest common factor of 1143 and 93.
3
What is the highest common factor of 27 and 211?
1
What is the highest common divisor of 1475 and 475?
25
Calculate the highest common factor of 240 and 169800.
120
Calculate the greatest common divisor of 4389 and 77007.
399
What is the greatest common divisor of 176 and 24028?
4
Calculate the greatest common divisor of 115737 and 6021.
669
Calculate the greatest common factor of 21 and 10006017.
21
What is the greatest common factor of 7155 and 8851?
53
Calculate the greatest common factor of 267154 and 1338.
446
What is the greatest common factor of 146145 and 15?
15
Calculate the greatest common factor of 26191532 and 956.
956
Calculate the highest common divisor of 2695 and 88.
11
What is the highest common factor of 3942 and 14607?
27
Calculate the highest common divisor of 1296274 and 742.
742
What is the greatest common factor of 14368 and 4041?
449
What is the greatest common factor of 96 and 528544?
32
What is the greatest common factor of 248 and 176948?
124
Calculate the greatest common divisor of 533910 and 26.
26
Calculate the greatest common divisor of 13152 and 264.
24
What is the greatest common divisor of 30 and 787?
1
Calculate the highest common factor of 500784 and 624.
48
Calculate the greatest common divisor of 80383 and 31.
31
Calculate the greatest common factor of 114 and 3919947.
57
What is the highest common divisor of 3072 and 2544?
48
Calculate the greatest common factor of 98608 and 96.
16
What is the greatest common divisor of 383352 and 72?
24
What is the highest common divisor of 14 and 258524?
14
Calculate the highest common factor of 1541 and 19067.
23
What is the highest common factor of 45369 and 27?
9
Calculate the greatest common d